)/j)/((-3)/(-45)). Let v(h) = -10*h + 24*h - h**2 - 10*h + 5. What is v(s)?
0
Let j be (10/(-5))/((-12)/8 - -1). Let w(c) = -c - 1 + 2 - 4. Give w(j).
-7
Let a(c) = -133181 + 133181 + c. Give a(-5).
-5
Let p(w) = -2*w + 11 - 36 - 9*w + 21. Give p(4).
-48
Let x(m) = -66*m + 1. Let b be x(1). Let o be b/(-10) + (-3)/6. Let n(q) = q**2 - 6*q - 3. Determine n(o).
-3
Let o(i) = 6*i + 11. Let n(d) = 2*d + 4. Let a(x) = -8*n(x) + 3*o(x). What is a(2)?
5
Let r(p) be the third derivative of -p**5/120 + p**4/24 - 31*p**3/6 - p**2. Let l(q) be the first derivative of r(q). What is l(0)?
1
Let i(q) = 4*q - 4. Let c(o) = o - 2. Let m(d) = 3*c(d) - i(d). Let x be (0*(-3)/6)/1. Suppose 2*z - 6 = -x*z. What is m(z)?
-5
Let g(c) = -2*c + 11 + 5 - 18 + c**2 - 6*c**2. Determine g(-1).
-5
Suppose 19*b - 14*b - 70 = 0. Suppose b*h = 3*v + 13*h + 16, -v - 5*h = 0. Let t(n) = -3*n + 1. What is t(v)?
16
Let h(m) = -2*m**2 + 12*m + 9. Let l = 43 - 36. Let u be h(l). Let c(o) = -5 - o - 1 - 1. Calculate c(u).
-2
Let f(x) = 3*x + 2. Let o(g) = -g**2 + 8*g + 22. Let l be (-1)/((-41)/10 + 4). Let n be o(l). What is f(n)?
8
Let x(m) = 2*m + 2*m - m**2 + 1 - 2*m. Let s be 47/(-188) + (-39)/(-12). Determine x(s).
-2
Let v = -10 + 0. Let r(q) be the first derivative of -q**2/2 - 13*q + 28. Determine r(v).
-3
Let m(l) = 9 + 78*l - 320*l - l**3 + 8*l**2 + 77*l + 77*l + 79*l. Determine m(7).
-5
Suppose -6*z + 3*z = -12. Suppose -18*b + 12*b - 54 = 0. Let h(j) = 7*j**3 + 5. Let w(o) = 3*o**3 + 3. Let k(y) = b*w(y) + z*h(y). Determine k(0).
-7
Let b = -181 - -180. Let w(x) be the first derivative of 11*x**2/2 - x - 3. Calculate w(b).
-12
Let b(f) = f**3 + 12*f**2 + 10*f + 3. Let k be b(-11). Suppose -4*i = s + s + k, 0 = i - 4*s + 26. Let x(t) = -t + 1. What is x(i)?
7
Let t(s) = 4*s**2 - 7*s + 7. Let p be -3*(-2)/((-6)/(-5)). Let b be t(p). Let r be ((-2)/(-4))/(9/b). Let v(x) = x + 5. Give v(r).
9
Let d(g) = g**2 - 2 - 2*g - 3*g**2 + g**2. Suppose 71 + 37 = 4*x. Let z = x - 29. What is d(z)?
-2
Let w(p) be the second derivative of p**4/12 + p**2/2 + 65*p + 2. Calculate w(5).
26
Let s(h) = h**3 - 3*h + 3. Let c(l) = -3*l - 15. Let z be c(-4). Calculate s(z).
-15
Suppose 5*j - 5 - 12 = -3*p, 5*p - 2*j + 13 = 0. Let x(c) = 2 - 11 + 4 + 5*c**2 + 6. Determine x(p).
6
Let v(c) = 2*c + 6 - 10 + 15*c**3 + 6*c**2 + 15*c**3 - 31*c**3 + 4*c. Determine v(7).
-11
Let g(a) be the third derivative of 7*a**6/120 - a**5/30 - a**4/12 - a**3/6 - 9*a**2 - 1. What is g(-1)?
-8
Let j(p) = p - 18. Let c be (-5)/(-2)*(588/(-15))/(-14). Calculate j(c).
-11
Let f(z) = z**3 + 2*z**2 - 5*z - 2. Let o(k) = -k**2 + 21*k - 24. Let w be o(20). Calculate f(w).
-14
Let d(m) = m**2 - 14*m + 4. Let n = -663 + 675. Determine d(n).
-20
Let m be 124/(-28) + (-3)/(-7). Let w(p) = -p + 5. Give w(m).
9
Suppose 0 = 21*i - 6*i - 90. Let s(r) = -2*r + 3. Calculate s(i).
-9
Let p(f) = 14*f**2 - 2*f + 3. Let x be (-6)/18 - 26/(-6). Let g(h) = -14*h**2 + 3*h - 4. Let k(t) = x*p(t) + 3*g(t). Let z = -3 - -2. Determine k(z).
13
Suppose 4*b + 7 = -45. Let i(c) = -c - 29. Let o be i(b). Let x = o + 15. Let l(r) = -7*r**2 + r + 1. Calculate l(x).
-7
Let u(y) = -y**2 + 3*y - 1. Let n be u(2). Let d = n + 1. Let k(h) = -6*h - 9 + 4*h + 8. Calculate k(d).
-5
Let s(z) be the first derivative of 3*z**2/2 + z - 3. Suppose 2*p + 12 = -2*p. Calculate s(p).
-8
Let p(a) = -5*a**2 + 5*a - 5. Let t(f) = -11*f**2 + 11*f - 12. Let b(x) = -9*p(x) + 4*t(x). Give b(-3).
9
Let s(o) = -4*o - 6. Suppose 2*i - 4 = -3*l, 3*i + 8 = -0*l - l. Let j(h) = 3*h + 5. Let v(u) = i*s(u) - 5*j(u). What is v(5)?
4
Let a(r) = r**2 - 9*r + 10. Let z be a(8). Let v(u) = 5 + z*u - 2 + 3 - 1. Let q be (0 + -3)/((-8)/(-16)). What is v(q)?
-7
Let a(h) be the third derivative of h**6/120 - h**5/30 - 5*h**4/24 + h**3/2 - 2*h**2. Let t be 5/8*(-88)/(-10) + (-3)/2. What is a(t)?
15
Let f(l) = -l - 3. Let d(t) = t + 13. Let j be d(11). Let c be ((-2)/(-6))/((-71)/j + 3). Determine f(c).
-11
Let s(x) = x**3 - 2*x**2 + x - 1. Let u(b) = -5*b**3 + 17*b**2 - 17*b - 1. Let c(m) = -6*s(m) - u(m). What is c(-7)?
28
Let x(g) = -g - 14. Let u(v) = -1. Let o(m) = -5*u(m) + x(m). Suppose -4*i - 4*n + 56 = 0, -4*n - 835 = -3*i - 828. What is o(i)?
-18
Suppose 0 = 5*b - 30 - 10. Let o(h) = -h**2 + 10*h - 13. Determine o(b).
3
Let k(w) be the first derivative of -2*w**2 - 14*w + 284. Give k(-6).
10
Let a = -1044 + 12529/12. Let z(l) be the third derivative of 0*l + a*l**4 + 0 + 2/3*l**3 + 5*l**2. Determine z(-7).
-10
Let g = 18 - -2. Let b(p) = 0 + 2*p**2 - p**2 + 4 - g*p + 26*p. Give b(-6).
4
Let i = -53 - -45. Let s be i + 0 - (-14)/((-7)/(-1)). Let r(d) = -d**2 - 3*d - 6. Determine r(s).
-24
Let i(r) = r + 18. Let n(g) = -g - 33. Let q(s) = -5*i(s) - 3*n(s). What is q(6)?
-3
Suppose 7 = l - 18. Suppose 2*b + 3 = 4*f - l, 46 = 5*f + 3*b. Let k be (1 - 12/f)*12. Let z(q) = 2*q + 7. Calculate z(k).
-5
Let x = 2 + 2. Suppose 0 = 2*z + q - 2 - 0, -22 = -2*z + x*q. Let m(f) = -2*f - z*f**2 - 1 - f**2 - f + 3*f**2. What is m(-2)?
1
Let s(g) = -6 + g - 1 - 4. Let d be (-14025)/102*(-1 - 9/(-5)). Let z = 110 + d. What is s(z)?
-11
Let w(o) = 4*o - 10*o - 1 + 9*o. Let x(z) = -1. Let k(f) = -w(f) - 4*x(f). What is k(4)?
-7
Let r(k) be the first derivative of k**3/3 - 9*k**2/2 + 10*k - 40. Calculate r(7).
-4
Let o(a) = -8*a**3 - 15*a**2 + 17*a + 2. Let z(f) = -7*f**3 - 14*f**2 + 16*f + 3. Let b(j) = 6*o(j) - 7*z(j). What is b(-9)?
0
Let s(d) = 30*d - 61*d + 29*d + 1 + 23. What is s(12)?
0
Let q(k) = 2*k + 2 - 5 + 0. Let t(d) = -d + 1. Let w(v) = q(v) + 3*t(v). Let p be 3*(-1 - (-35)/21). Determine w(p).
-2
Let y(t) = t**3 - 6*t**2 + 8*t. Let v be y(4). Suppose v = -2*b + b - 2*u - 5, -b - 3*u - 10 = 0. Let m(s) = s + 2. What is m(b)?
7
Let o(k) = 8*k + 3. Let t(s) = -24*s - 12. Let n(g) = g + 1. Let h(q) = -15*n(q) - 3*t(q). Let b(m) = -2*h(m) + 15*o(m). Determine b(-2).
-9
Let s(l) be the second derivative of l**4/12 - 4*l**3/3 - 9*l**2/2 + 2*l + 2. Determine s(10).
11
Let o = -17 + 38. Let d(a) = 14*a + 8 + a**2 + 15*a - o*a. Give d(-6).
-4
Let l(n) = n**2 - 4*n. Let o = 76 - 71. Suppose 0 = -o*z + 2*x + 21, -6*z + z = x - 12. Calculate l(z).
-3
Let f(t) = 3*t - 6. Let g be f(10). Let w be ((-54)/g)/((-6)/16). Let k(m) = -m**3 + 6*m**2 - 5. Calculate k(w).
-5
Let z(d) = 2*d**3 + 3*d**2 + 3. Let b(n) = -n**3 - 2*n**2 - 2. Let l = 5 + -1. Suppose 2*c + l = 4*c. Let x(h) = c*z(h) + 3*b(h). Calculate x(1).
1
Suppose -4*b - 12*b + 48 = 0. Let n(h) = -5*h - 7. Let j(o) = -6*o - 8. Let s(p) = b*n(p) - 2*j(p). Calculate s(-4).
7
Let c(s) = -s**2 - 7*s + 4. Let v be ((-1 - 13)*1/(-2))/(-1). Determine c(v).
4
Let w(s) = -17*s**2 - 12*s + 16. Let u(m) = -3*m**2 + 1. Let c(d) = 6*u(d) - w(d). Calculate c(8).
22
Let b = 14 - 13. Suppose f + b = 2*k - 0, -5*f = 5. Let d(v) = -v + 11. Give d(k).
11
Let m(r) be the second derivative of 3*r**5/20 - r**4/6 - r**3/2 + r**2 - r. Let a(b) = 2*b**2 + b - 34. Let x be a(4). Determine m(x).
12
Let p be (10/20)/(1/28). Let g(v) = p*v - 9*v - 2 - 4*v. Let c be (1 + -2)/((-2)/(-6)). What is g(c)?
-5
Let l(y) = -y**3 - 5*y**2 - 2*y. Let r = 9 + -7. Suppose r*s + 11 = 3. What is l(s)?
-8
Let o(x) = -10607 + x + 10607. What is o(-2)?
-2
Let i(o) be the first derivative of o**4/2 + o**3/3 + o**2/2 - 40. Let m be (1 + 0)*(-1)/1. Give i(m).
-2
Let d(b) = b**2 - b + 9. Let a be (0 - (0 + 1))*0. Let w = -203 + 213. Suppose 0 = t + 3*l + l - 8, 3*t + 5*l - w = a. Give d(t).
9
Let o(q) = -3*q + 24. Let v be o(9). Let s(u) = -u - 4. Determine s(v).
-1
Let z(g) = 12*g - 11*g + 6 - 8*g + g**2. Let i be z(7). Suppose 9*u - i*u = 0. Let k(d) = d**2 - 4. Give k(u).
-4
Let b(y) = -y**3 - 7*y**2 + 5*y. Let a be (-85)/(-30) + 3/18. Let j(m) = 6*m**2 - 1 + m**3 + 0*m**3 + 133*m - 137*m. Let t(h) = a*j(h) + 2*b(h). Give t(-4).
5
Let r(a) = a**2 - 34*a - 112. Let j be r(37). Let h(d) be the second derivative of d**5/10 - d**4/6 + d**2/2 + 2*d. Determine h(j).
-3
Suppose 4*n = s + 435 - 12232, 0 = -4*s - 5*n + 47083. Let h(l) = -l**2 - l**2 - 11777 + s. What is h(-1)?
-2
Suppose x + 15 = 4*x + 2*c, 0 = -2*c. Suppose 3*l + 2*s - 40 = l, -x*l = -3*s - 76. Suppose 0 = -4*y - 45 + l. Let k(h) = -h - 5. What is k(y)?
2
Suppose 0 = 5*p + 2*c + 27 + 2, 2*p + 16 = -3*c. Let s(f) be the second deri